t is the tens digit of 397743331?
3
What is the hundred millions digit of 357353660?
3
What is the ten millions digit of 47452948?
4
What is the ten thousands digit of 383809246?
0
What is the thousands digit of 2975351656?
1
What is the hundred thousands digit of 199403752?
4
What is the ten thousands digit of 3559431806?
3
What is the units digit of 28400971?
1
What is the ten millions digit of 14523251?
1
What is the tens digit of 3464447320?
2
What is the hundreds digit of 1089724180?
1
What is the thousands digit of 117081741?
1
What is the millions digit of 29965150?
9
What is the units digit of 2163417?
7
What is the units digit of 220618563?
3
What is the billions digit of 4125860454?
4
What is the hundreds digit of 189795940?
9
What is the units digit of 3745110853?
3
What is the thousands digit of 1030331531?
1
What is the millions digit of 34835889?
4
What is the hundred thousands digit of 63942475?
9
What is the hundred thousands digit of 158327628?
3
What is the millions digit of 7202688?
7
What is the units digit of 4429018404?
4
What is the ten thousands digit of 16748490?
4
What is the hundred millions digit of 6469949442?
4
What is the hundred thousands digit of 36327232?
3
What is the units digit of 1627807856?
6
What is the millions digit of 25837787?
5
What is the hundreds digit of 71997434?
4
What is the millions digit of 389676882?
9
What is the units digit of 1405259169?
9
What is the hundred millions digit of 1020450896?
0
What is the tens digit of 662312880?
8
What is the millions digit of 167757422?
7
What is the ten millions digit of 378452397?
7
What is the hundreds digit of 57221200?
2
What is the thousands digit of 9148424?
8
What is the ten thousands digit of 4916232367?
3
What is the ten millions digit of 69502789?
6
What is the tens digit of 5093339227?
2
What is the hundreds digit of 142282728?
7
What is the thousands digit of 907695762?
5
What is the ten thousands digit of 9822825?
2
What is the units digit of 2815824403?
3
What is the thousands digit of 1180625546?
5
What is the ten millions digit of 102830938?
0
What is the hundred thousands digit of 124885896?
8
What is the units digit of 2094366655?
5
What is the thousands digit of 6381206149?
6
What is the ten thousands digit of 12867002?
6
What is the hundreds digit of 157794218?
2
What is the millions digit of 433416117?
3
What is the tens digit of 65599208?
0
What is the ten thousands digit of 59355836?
5
What is the ten millions digit of 83732384?
8
What is the tens digit of 236793326?
2
What is the hundred millions digit of 104972083?
1
What is the hundred millions digit of 1511160501?
5
What is the units digit of 172757818?
8
What is the tens digit of 11316851?
5
What is the hundred thousands digit of 102389502?
3
What is the ten thousands digit of 1417510?
1
What is the millions digit of 853143976?
3
What is the hundred millions digit of 2573192004?
5
What is the millions digit of 52645114?
2
What is the thousands digit of 414631701?
1
What is the hundreds digit of 285598227?
2
What is the hundred thousands digit of 246813719?
8
What is the ten thousands digit of 53993701?
9
What is the tens digit of 45419036?
3
What is the billions digit of 1615887536?
1
What is the units digit of 186015507?
7
What is the hundred thousands digit of 925329185?
3
What is the hundreds digit of 2390259172?
1
What is the thousands digit of 17526147?
6
What is the millions digit of 3324070255?
4
What is the ten thousands digit of 53520636?
2
What is the ten millions digit of 688584784?
8
What is the hundred thousands digit of 113036206?
0
What is the hundred thousands digit of 78674997?
6
What is the thousands digit of 109275807?
5
What is the hundred thousands digit of 101751569?
7
What is the hundred millions digit of 3008544120?
0
What is the tens digit of 299229250?
5
What is the tens digit of 28165320?
2
What is the hundred thousands digit of 2953159852?
1
What is the thousands digit of 21090381?
0
What is the hundreds digit of 151180732?
7
What is the thousands digit of 510414688?
4
What is the tens digit of 105924494?
9
What is the hundred millions digit of 4951029001?
9
What is the thousands digit of 1589513557?
3
What is the hundreds digit of 22903544?
5
What is the ten millions digit of 417450341?
1
What is the ten thousands digit of 79062730?
6
What is the thousands digit of 108768634?
8
What is the units digit of 141925409?
9
What is the millions digit of 58239713?
8
What is the ten millions digit of 1946248319?
4
What is the thousands digit of 40069189?
9
What is the hundreds digit of 17306829?
8
What is the thousands digit of 55190111?
0
What is the tens digit of 52332840?
4
What is the billions digit of 1058090015?
1
What is the ten thousands digit of 4837441417?
4
What is the tens digit of 1171171197?
9
What is the tens digit of 665600721?
2
What is the hundred thousands digit of 534477218?
4
What is the millions digit of 976569314?
6
What is the thousands digit of 71108649?
8
What is the units digit of 50531804?
4
What is the thousands digit of 54124439?
4
What is the hundreds digit of 95228897?
8
What is the hundreds digit of 103057708?
7
What is the hundred millions digit of 1169359294?
1
What is the tens digit of 16875737?
3
What is the hundred thousands digit of 72440621?
4
What is the hundred thousands digit of 4460960907?
9
What is the tens digit of 17615880?
8
What is the millions digit of 38741256?
8
What is the hundred thousands digit of 120064430?
0
What is the hundred millions digit of 1960816924?
9
What is the ten millions digit of 683133605?
8
What is the hundred millions digit of 357830915?
3
What is the hundred millions digit of 2031283465?
0
What is the hundreds digit of 333960825?
8
What is the units digit of 167828101?
1
What is the ten millions digit of 720021378?
2
What is the ten thousands digit of 110200340?
0
What is the ten millions digit of 4516989386?
1
What is the thousands digit of 85151135?
1
What is the hundred thousands digit of 104725100?
7
What is the units digit of 3892695521?
1
What is the ten millions digit of 1507904349?
0
What is the ten thousands digit of 214197062?
9
What is the tens digit of 172865183?
8
What is the tens digit of 559920381?
8
What is the hundreds digit of 475525760?
7
What is the ten thousands digit of 3614193630?
9
What is the tens digit of 590363656?
5
What is the tens digit of 369033555?
5
What is the ten millions digit of 82401299?
8
What is the ten thousands digit of 101134595?
3
What is the ten thousands digit of 287119581?
1
What is the millions digit of 60418697?
0
What is the ten thousands digit of 1627615479?
1
What is the units digit of 171823919?
9
What is the millions digit of 51967625?
1
What is the billions digit of 3187188929?
3
What is the millions digit of 169386462?
9
What is the thousands digit of 26652073?
2
What is the hundred millions digit of 327890531?
3
What is the tens digit of 46238934?
3
What is the hundred millions digit of 360453101?
3
What is the billions digit of 1504696252?
1
What is the hundred thousands digit of 380472750?
4
What is the ten millions digit of 477928490?
7
What is the hundred millions digit of 743181405?
7
What is the tens digit of 1197156540?
4
What is the hundreds digit of 1500926460?
4
What is the tens digit of 2009829036?
3
What is the ten millions digit of 634856749?
3
What is the hundreds digit of 3900652923?
9
What is the thousands digit of 2917767035?
7
What is the ten thousands digit of 1615050771?
5
What is the hundreds digit of 16456056?
0
What is the ten millions digit of 69476162?
6
What is the thousands digit of 1692100914?
0
What is the thousands digit of 591316922?
6
What is the hundred thousands digit of 283246179?
2
What is the ten thousands digit of 2643865120?
6
What is the hundred millions digit of 8395610568?
3
What is the ten millions digit of 1250186479?
5
What is the millions digit of 85739102?
5
What is the hundred millions digit of 168523510?
1
What is the hundred thousands digit of 365565948?
5
What is the thousands digit of 206633220?
3
What is the ten millions digit of 114200783?
1
What is the ten millions digit of 56814933?
5
What is the hundred thousands digit of 6723260?
7
What is the millions digit of 38614